or of l and h.
9
Suppose -2*b = -3*f + 699, 9*b = 5*f + 4*b - 1160. Calculate the greatest common factor of f and 15.
5
Suppose 9*t + 32 = 158. What is the greatest common factor of 350 and t?
14
Suppose -3*c + 144 = -0*c. Suppose -5*o + c = -72. What is the highest common factor of 36 and o?
12
Suppose 0 = 3*n + 5*r - 38, -14*r = 2*n - 17*r. Suppose 4 = -4*m - 16. Let f = m - -23. What is the greatest common factor of n and f?
6
Let k(b) = b**2 + 2*b - 5. Let u be k(5). Let o be 3 - (-19 - u/(-6)). What is the greatest common divisor of o and 68?
17
Let x = -440 + 463. Calculate the highest common factor of x and 575.
23
Suppose 0 = 8*p - 106 - 230. Suppose 4*l = 7*l - 42. What is the highest common divisor of l and p?
14
Let w be ((-12)/(-5) + -2)/(2/130). What is the highest common factor of w and 221?
13
Let j(z) = z**2 + 7*z. Let i be j(-7). Let u = 2 - i. Suppose 5*v - 15 = -5*g, 0 = g - 0*v + u*v + 1. Calculate the highest common factor of g and 7.
7
Let v be (-2)/(-6)*-6*-2. What is the greatest common divisor of 128 and v?
4
Suppose -4*w = -9*w - 50. Suppose 3*j - 2*t = 17, 3*j - 44 + 13 = -5*t. Let y be (w/j)/((-15)/210). Calculate the greatest common factor of y and 5.
5
Suppose 0 = -3*w - 24*n + 21*n + 915, -w - 5*n = -309. Calculate the highest common factor of 380 and w.
76
Suppose 6*x - x = 315. Suppose 4*s + 8 = -l, 7*l = 3*l + 3*s + x. What is the highest common divisor of l and 6?
6
Let u be 51680/(-200)*10/(-4). Calculate the greatest common divisor of u and 114.
38
Let q(m) = 14*m**2 - 12*m - 23. Let i be q(4). What is the greatest common factor of i and 561?
51
Let l = -32 - -40. Let j be (-642)/(-10) + 1/(-5). Let t = j + -24. What is the highest common divisor of l and t?
8
Let i = 1711 - 894. What is the greatest common factor of i and 19?
19
Let f be (1 - 7)/(4/(-38)). Suppose 0 = -w - 2*a + 54, -5*a - f = -w + 18. Let s be 11 + (18 + -16)*10/(-4). What is the highest common divisor of s and w?
6
Let f(j) = -j**3 + 14*j**2 + 33*j + 16. Let h be f(16). Calculate the highest common divisor of h and 256.
32
Let i(a) = 7*a**3 + a**2 + 13*a - 12. Let s be i(1). What is the greatest common factor of 243 and s?
9
Suppose -27*l + 514 = -1079. What is the greatest common divisor of l and 2?
1
Let s be 4*(1 + (-1)/(-1)). Suppose -95 = t - 111. What is the highest common divisor of s and t?
8
Let q be -1 - (-6)/((-4)/(-2)). Suppose -13 = 3*b - 64. Suppose 4*f - 2*g + 5 = 17, -q*g - b = -5*f. Calculate the highest common factor of 20 and f.
5
Suppose 0 = -4*b - 2*p + 184, 2*p - 90 + 2 = -2*b. Let a(h) = -h**3 + 6*h**2 - 4*h + 8. Let n be a(4). What is the greatest common factor of b and n?
24
Let u be 8/3 + 4/(-6). Suppose 33 + 47 = u*r. Let f be (r/(-6))/((-12)/18). Calculate the highest common factor of f and 20.
10
Let k be 9/7 - 4/14. What is the highest common divisor of k and 5?
1
Let w = 1310 + -1286. Calculate the highest common divisor of w and 1164.
12
Let d = 44 - 2. Let l be 12*(2 + (-15)/6). Let x = l + 69. What is the highest common factor of d and x?
21
Let b = 673 - 625. What is the greatest common factor of b and 312?
24
Let t = -484 + 612. What is the highest common divisor of t and 32?
32
Suppose -4*s - 4 = 0, 15 = p + 3*s - 8. Let d = p + -22. What is the highest common factor of d and 2?
2
Let p(f) = 2*f - 7. Suppose -4*s + 15 = -s. Let q be p(s). Suppose -2*j + 8 = -4*a, 6 - 38 = -4*j + 4*a. What is the highest common factor of q and j?
3
Let a be ((-9)/(-2))/((-3)/6). Let u be 4/6 + (-21)/a. Suppose -2*j = 3*n - 10, 0*j + n = -u*j + 22. What is the highest common factor of 88 and j?
8
Let o be -27 - (-8 + 0 + 4). Let i = o - -26. Calculate the highest common factor of i and 24.
3
Let a = 1850 + -1350. Calculate the highest common divisor of a and 20.
20
Let c = -5 - -9. Let m(d) = 7*d**2 + 6*d - 15. Let r be m(c). What is the greatest common factor of r and 11?
11
Let n(m) = -2*m + 15. Let l be n(6). Suppose -l*s - 28 = -208. What is the greatest common factor of 20 and s?
20
Suppose 3*j + 5*c + 15 = 0, j + 4*j - 5*c = 15. Let n(w) = 9 + 12*w + w**2 - 17*w + j*w**2. Let a be n(9). Calculate the highest common factor of a and 9.
9
Suppose -5*i - 42 = 28. Let x be (1 + -3 + 1)/(-1). Let v be x*7*(-60)/i. What is the greatest common divisor of 75 and v?
15
Let y be (2 - 0) + -1 + 0. Let h be (12/(-8))/(y/(-6)). Let z = 10 - -17. What is the highest common divisor of z and h?
9
Suppose 4*n - 16 - 12 = 0. Suppose 4 = 2*w + 2*m, w = -2*m - 3*m + 22. Let i be 3 - (w - (6 - (-8)/4)). Calculate the greatest common factor of i and n.
7
Let n = 58 - -47. Calculate the highest common factor of 42 and n.
21
Let i(z) = 31*z - 25. Let c(v) = -32*v + 26. Let n(m) = 6*c(m) + 7*i(m). Let g be n(10). What is the highest common divisor of g and 21?
21
Let o be ((-8)/16)/(1/(-12)). Let w be 600/32 - 3/4. Calculate the greatest common factor of w and o.
6
Let q be ((-324)/(-7))/((-474)/(-42) + -11). What is the highest common divisor of 10 and q?
2
Suppose -19*l = -16*l - 6. What is the highest common divisor of 18 and l?
2
Let s(j) = -j**3 + 9*j**2 - j - 19. Let q(b) = b**2 - 2*b + 5. Let c be q(3). Let u be s(c). Calculate the greatest common factor of 111 and u.
37
Suppose -2*q + 33 = 25. Suppose q*p - 150 = p. What is the greatest common factor of 20 and p?
10
Let q be 40/((-2)/(-4) + 0). Let c = 9055 + -9035. Calculate the highest common divisor of q and c.
20
Suppose -2*j - 2*n = -8, 5*j + 2 = 2*n + 15. Let t(w) = w**3 - w**2 - 2*w - 2. Let v be t(j). Let a = v + -7. Calculate the greatest common factor of 3 and a.
3
Let g be (8436/74)/(2/3). What is the greatest common factor of g and 18?
9
Let p(o) = 43*o + 5. Let i be p(5). Let u(w) = 24*w**3 - 5*w - 4. Let k be u(-1). Let c = -3 - k. What is the highest common factor of i and c?
20
Let w be (18/4)/((-153)/(-918)). What is the greatest common divisor of 2349 and w?
27
Let g(i) = 2*i + 17 - 2 - 5. Let l be g(-3). What is the highest common divisor of l and 6?
2
Suppose -m + 1616 = 3*t, -t = m - 90 - 448. What is the highest common factor of t and 11?
11
Let g be 337 + ((-343)/7)/(-7) + 1. Calculate the greatest common factor of 552 and g.
69
Let q = 33 + 42. Calculate the highest common factor of 150 and q.
75
Suppose 0*y = -2*y + 330. Let z be (-4)/(-6) - 989/(-69). What is the greatest common divisor of y and z?
15
Let w(u) = 28*u**3 - 2*u**2 + 9*u - 9. Let l be w(2). Calculate the greatest common divisor of 125 and l.
25
Suppose -21*k = -10*k - 66. Suppose -k*n + 36 = -2*n. Suppose f = 11 - 2. Calculate the greatest common divisor of n and f.
9
Let f be (8/(-10))/(2/(-5)). Suppose f = -5*m + 22. Let w(n) = -49*n**2 - 298*n + 8. Let x be w(-6). Calculate the greatest common divisor of x and m.
4
Let c = 26 + -11. Suppose -111 = -6*y + c. Calculate the greatest common divisor of y and 9.
3
Let d = -4 + 2. Let p be 4 + -6 + 10 + d. Let q be (-2)/p + (-275)/(-15). Calculate the greatest common divisor of 6 and q.
6
Suppose 0 = 4*j + 2*g + 26, 3*j + 3*g + 7 = -5. Let c be 5380/90 + (-2)/j. Let f be 1 + c + 16 + -14. Calculate the greatest common divisor of f and 21.
21
Suppose 2*f + 16 = 3*f - 3*b, -3*b - 46 = -4*f. Calculate the highest common divisor of 175 and f.
5
Suppose -248 = 3*p - 800. Suppose 3*l - 5*d - 34 = 106, 4*l - 4*d = p. Suppose 11 + 4 = b. Calculate the greatest common factor of l and b.
15
Let l(a) = -a**3 + 5*a**2 + 7*a - 4. Suppose -5*h = -0*k + k - 25, -2*h - k + 7 = 0. Let d be l(h). Calculate the greatest common divisor of 22 and d.
2
Suppose 953 = 28*x - 419. Calculate the greatest common factor of x and 7.
7
Let x(q) = -4*q**2 + 2*q + 1. Let y be x(-1). Let j be 8/y*200/(-16). What is the highest common factor of 30 and j?
10
Let h = -10 - 2. Let d(w) be the second derivative of -w**3/3 - 15*w**2/2 - 9*w. Let z be d(h). Calculate the highest common divisor of 9 and z.
9
Let q(o) = 8*o + 1. Let l be q(13). Let p = -96 + l. What is the greatest common divisor of 9 and p?
9
Suppose -2*y = -2*m - 2, -4*m + 0*m - y = -16. Suppose 9*n - m = 6. Calculate the greatest common factor of 4 and n.
1
Let d(c) = -c**3 + 12*c**2 + 10*c + 12. Let u be (162/(-45))/((-6)/20). Let g be d(u). Calculate the highest common factor of g and 12.
12
Let y = 18 - 27. Le